{"id":22,"date":"2023-06-26T18:07:29","date_gmt":"2023-06-26T18:07:29","guid":{"rendered":"https:\/\/mytek.pt\/esenhas\/plugin-supports\/"},"modified":"2026-03-01T12:09:33","modified_gmt":"2026-03-01T12:09:33","slug":"modulos","status":"publish","type":"page","link":"https:\/\/mytek.pt\/esenhas\/modulos\/","title":{"rendered":"M\u00f3dulos"},"content":{"rendered":"\n<p class=\"has-black-color has-text-color has-link-color has-medium-font-size wp-elements-a3ffb694ef8f4fe04ebacae3c871f95b\">Os m\u00f3dulos desenvolvidos para a aplica\u00e7\u00e3o e as suas funcionalidades.<\/p>\n\n\n\n<div style=\"opacity: 0;\" superb-addons-animation=\"zoomIn\" class=\"wp-block-group is-style-superbaddons-card has-pale-cyan-blue-background-color has-background\"><div class=\"wp-block-group__inner-container is-layout-constrained wp-block-group-is-layout-constrained\">\n<div class=\"wp-block-columns is-layout-flex wp-container-core-columns-is-layout-9d6595d7 wp-block-columns-is-layout-flex\">\n<div style=\"opacity: 0;\" superb-addons-animation=\"zoomIn\" class=\"wp-block-column has-pale-cyan-blue-background-color has-background is-layout-flow wp-block-column-is-layout-flow\">\n<p class=\"has-black-color has-text-color has-link-color has-medium-font-size wp-elements-5e8557936e3c541e862ced8b32deb0eb\"><strong>O eKiosk<\/strong><\/p>\n\n\n\n<ul class=\"wp-block-list\">\n<li class=\"has-black-color has-text-color has-link-color has-medium-font-size wp-elements-e907dfb40e9b6271cf0ce5903130c267\">Ecr\u00e3 com op\u00e7\u00e3o de Idioma<\/li>\n\n\n\n<li class=\"has-black-color has-text-color has-link-color has-medium-font-size wp-elements-b4f796dc13c8aa2e64bd2f29d778501d\">Tipo de Senha Priorit\u00e1ria com informa\u00e7\u00e3o do Decreto Lei<\/li>\n\n\n\n<li class=\"has-black-color has-text-color has-link-color has-medium-font-size wp-elements-32ae59ec30eb37dddaa3987d873b199f\">Tipos de Senha ilimitados<\/li>\n\n\n\n<li class=\"has-black-color has-text-color has-link-color has-medium-font-size wp-elements-66063976dd1928dcfd0b2e651cd38c14\">Imagem do Bot\u00e3o personaliz\u00e1vel conforme a \u00e1rea de neg\u00f3cio<\/li>\n\n\n\n<li class=\"has-black-color has-text-color has-link-color has-medium-font-size wp-elements-5955b1e53141bd9775423ac9c054d69d\">Impress\u00e3o na Senha da mesma imagem que aparece no bot\u00e3o<\/li>\n\n\n\n<li class=\"has-black-color has-text-color has-link-color has-medium-font-size wp-elements-9739ea25896caa082c83e3cab4798c3f\">Logotipo no ecr\u00e3 e na impress\u00e3o da senha<\/li>\n\n\n\n<li class=\"has-black-color has-text-color has-link-color has-medium-font-size wp-elements-2300927c7e58ec82f82836bbd7dfa1f6\">Impress\u00e3o da Senha no mesmo idioma que foi selecionada<\/li>\n\n\n\n<li class=\"has-black-color has-text-color has-link-color has-medium-font-size wp-elements-74536ff67cd14a2df2043702dce84b46\">Possibilidade de op\u00e7\u00f5es diferentes conforme o Grupo<\/li>\n\n\n\n<li class=\"has-black-color has-text-color has-link-color has-medium-font-size wp-elements-1b14e9bef6442353b99ebe485d9472d8\">Separa\u00e7\u00e3o por Locais e\/ou Grupos<\/li>\n\n\n\n<li class=\"has-black-color has-text-color has-link-color has-medium-font-size wp-elements-214e9db0add3b59735abe2f0c584a982\">Senha por SMS ou QrCode<\/li>\n<\/ul>\n<\/div>\n\n\n\n<div style=\"opacity: 0;\" superb-addons-animation=\"zoomIn\" class=\"wp-block-column has-pale-cyan-blue-background-color has-background is-layout-flow wp-block-column-is-layout-flow\">\n<p class=\"has-black-color has-text-color has-link-color has-medium-font-size wp-elements-ce9ae5adeba36fadd38ce68df2e782ce\"><strong>O eBalcao<\/strong><\/p>\n\n\n\n<ul class=\"wp-block-list\">\n<li class=\"has-black-color has-text-color has-link-color has-medium-font-size wp-elements-5833ef98349f2a4ca20b141ef4645bc7\">Chamada e Rechamada de Senhas<\/li>\n\n\n\n<li class=\"has-black-color has-text-color has-link-color has-medium-font-size wp-elements-4b7562d0da04c8908331c0a37b9e0982\">Destaque da Senha Priorit\u00e1ria<\/li>\n\n\n\n<li class=\"has-black-color has-text-color has-link-color has-medium-font-size wp-elements-f45c64c4a3440dd62dedd9e7edd3857e\">C\u00f3digo de Cores para identificar estado da Senha<\/li>\n\n\n\n<li class=\"has-black-color has-text-color has-link-color has-medium-font-size wp-elements-82d37e3879f2b5d5296247f9a20d9e2d\">Emiss\u00e3o de Senhas Internas e Gerais<\/li>\n\n\n\n<li class=\"has-black-color has-text-color has-link-color has-medium-font-size wp-elements-b5a1ca6300aa7136a4f17579e7e40694\">Identifica\u00e7\u00e3o do Idioma do Cliente<\/li>\n\n\n\n<li class=\"has-black-color has-text-color has-link-color has-medium-font-size wp-elements-94ca475876df54759be5a49651d56822\">Coloca\u00e7\u00e3o do Nome do Paciente<\/li>\n\n\n\n<li class=\"has-black-color has-text-color has-link-color has-medium-font-size wp-elements-107dbea38096e5aee88e9a3a1480675c\">Indica\u00e7\u00e3o sobre a necessidade do Paciente<\/li>\n\n\n\n<li class=\"has-black-color has-text-color has-link-color has-medium-font-size wp-elements-6b5155a45f6873cafedcfe9acf39f70e\">Impress\u00e3o de etiquetas para Processos<\/li>\n\n\n\n<li class=\"has-black-color has-text-color has-link-color has-medium-font-size wp-elements-68277e1315886be41d27d63265050c17\">Atribui\u00e7\u00e3o de Recurso<\/li>\n\n\n\n<li class=\"has-black-color has-text-color has-link-color has-medium-font-size wp-elements-71af5da21fe00bd0cdddf0add9e448e2\">Chamada do Recurso no ecr\u00e3 e por SMS<\/li>\n\n\n\n<li class=\"has-black-color has-text-color has-link-color has-medium-font-size wp-elements-e8ad246370684c8a663393b329ccfe87\">Transfer\u00eancia da Senha para outro Servi\u00e7o\/Local<\/li>\n\n\n\n<li class=\"has-black-color has-text-color has-link-color has-medium-font-size wp-elements-189e368a7341daf911ff904a4c1395c6\">Recupera\u00e7\u00e3o de Senhas de Outros Servi\u00e7os\/Locais<\/li>\n\n\n\n<li class=\"has-black-color has-text-color has-link-color has-medium-font-size wp-elements-6513698ac4b7d582437167ebccf75884\">Fecho de Senhas<\/li>\n\n\n\n<li class=\"has-black-color has-text-color has-link-color has-medium-font-size wp-elements-0093c1799c98291672884196800f64f2\">Ativar pedido Opini\u00e3o com Recurso atribu\u00eddo<\/li>\n\n\n\n<li class=\"has-black-color has-text-color has-link-color has-medium-font-size wp-elements-1eea20dd2d6523a7d5dbfdf0d22210ad\">Reimpress\u00e3o de Senhas<\/li>\n\n\n\n<li class=\"has-black-color has-text-color has-link-color has-medium-font-size wp-elements-c12c8b71bb92b5032705dceaedaa5c78\">Visualiza\u00e7\u00e3o do estado das Senhas transferidas<\/li>\n\n\n\n<li class=\"has-black-color has-text-color has-link-color has-medium-font-size wp-elements-afd1663dc4fde76f402a36bc6c6d735b\">Visualiza\u00e7\u00e3o da Origem da Senha<\/li>\n\n\n\n<li class=\"has-black-color has-text-color has-link-color has-medium-font-size wp-elements-03b2228fe52103a08491c2a8791ca9fc\">Visualiza\u00e7\u00e3o do hist\u00f3rico da Senha<\/li>\n<\/ul>\n<\/div>\n<\/div>\n<\/div><\/div>\n\n\n\n<div style=\"height:50px\" aria-hidden=\"true\" class=\"wp-block-spacer\"><\/div>\n\n\n\n<div style=\"opacity: 0;\" superb-addons-animation=\"zoomIn\" class=\"wp-block-group is-style-superbaddons-card has-pale-cyan-blue-background-color has-background\"><div class=\"wp-block-group__inner-container is-layout-constrained wp-block-group-is-layout-constrained\">\n<div class=\"wp-block-columns is-layout-flex wp-container-core-columns-is-layout-9d6595d7 wp-block-columns-is-layout-flex\">\n<div style=\"opacity: 0;\" superb-addons-animation=\"zoomIn\" class=\"wp-block-column has-pale-cyan-blue-background-color has-background is-layout-flow wp-block-column-is-layout-flow\">\n<p class=\"has-black-color has-text-color has-link-color has-medium-font-size wp-elements-a4b566ca0a59940598fb63d79d10486f\"><strong>O eCliente<\/strong><\/p>\n\n\n\n<ul class=\"wp-block-list\">\n<li class=\"has-black-color has-text-color has-link-color has-medium-font-size wp-elements-20812bace6bebf01823a4941f3f6bc55\">Chamada de Senhas por Imagem e aviso sonoro<\/li>\n\n\n\n<li class=\"has-black-color has-text-color has-link-color has-medium-font-size wp-elements-edb5e97f4b65d1e16136d725aadb843b\">Chamada da Senha por Voz no Idioma escolhido no eKiosk<\/li>\n\n\n\n<li class=\"has-black-color has-text-color has-link-color has-medium-font-size wp-elements-d8814ce5ff909d57921b5d17ac29043b\">Conte\u00fados Multim\u00e9dia no ecr\u00e3<\/li>\n\n\n\n<li class=\"has-black-color has-text-color has-link-color has-medium-font-size wp-elements-36d4248a1fcae67fc590c5fc056beb0b\">Barra com Meteorologia local para 1 semana<\/li>\n\n\n\n<li class=\"has-black-color has-text-color has-link-color has-medium-font-size wp-elements-d6f276b8f220caeb27bb70561ad9592e\">RSS da RTP e da Antena1<\/li>\n\n\n\n<li class=\"has-black-color has-text-color has-link-color has-medium-font-size wp-elements-42c2dbfde8ea63d4adf92819289bc261\">Logotipo na barra superior<\/li>\n\n\n\n<li class=\"has-black-color has-text-color has-link-color has-medium-font-size wp-elements-4fc0c9aa1a6a95ed0839d3eac3f1de12\">Barra decorativa na \u00e9poca do Natal<\/li>\n<\/ul>\n<\/div>\n\n\n\n<div style=\"opacity: 0;\" superb-addons-animation=\"zoomIn\" class=\"wp-block-column has-pale-cyan-blue-background-color has-background is-layout-flow wp-block-column-is-layout-flow\">\n<p class=\"has-black-color has-text-color has-link-color has-medium-font-size wp-elements-99e9937e5972b60bb3f5dd088a52393a\"><strong>O eRecurso<\/strong><\/p>\n\n\n\n<ul class=\"wp-block-list\">\n<li class=\"has-black-color has-text-color has-link-color has-medium-font-size wp-elements-ecb3228ba2e5b7b1ff3e0e4c06b677c0\">Aviso de chegada da Senha por Imagem e aviso sonoro<\/li>\n\n\n\n<li class=\"has-black-color has-text-color has-link-color has-medium-font-size wp-elements-01c65f3cd6c9b2568e88f154f835be6f\">Aviso de chegada da Senha por Voz<\/li>\n\n\n\n<li class=\"has-black-color has-text-color has-link-color has-medium-font-size wp-elements-ad77bae789e638f0b7fa54fe297e2f0f\">Linha de Chamada com hora e observa\u00e7\u00f5es da marca\u00e7\u00e3o\/Senha<\/li>\n\n\n\n<li class=\"has-black-color has-text-color has-link-color has-medium-font-size wp-elements-1ae3f31b6cf9a1aca385a1efc77a23bf\">Identifica\u00e7\u00e3o do Nome do Paciente\/Animal associado \u00e0 Senha<\/li>\n\n\n\n<li class=\"has-black-color has-text-color has-link-color has-medium-font-size wp-elements-7acd6613deab73b3046c53e42a5acac3\">Informa\u00e7\u00e3o do Idioma do Cliente<\/li>\n\n\n\n<li class=\"has-black-color has-text-color has-link-color has-medium-font-size wp-elements-f2ce6f65fbeb494f43ae91ca06d25fb2\">Possibilidade de utiliza\u00e7\u00e3o do ecr\u00e3 na vertical para listas maiores<\/li>\n<\/ul>\n<\/div>\n<\/div>\n<\/div><\/div>\n\n\n\n<div style=\"height:50px\" aria-hidden=\"true\" class=\"wp-block-spacer\"><\/div>\n\n\n\n<div style=\"opacity: 0;\" superb-addons-animation=\"zoomIn\" class=\"wp-block-group is-style-superbaddons-card has-pale-cyan-blue-background-color has-background\"><div class=\"wp-block-group__inner-container is-layout-constrained wp-block-group-is-layout-constrained\">\n<div class=\"wp-block-columns is-layout-flex wp-container-core-columns-is-layout-9d6595d7 wp-block-columns-is-layout-flex\">\n<div style=\"opacity: 0;\" superb-addons-animation=\"zoomIn\" class=\"wp-block-column has-pale-cyan-blue-background-color has-background is-layout-flow wp-block-column-is-layout-flow\">\n<p class=\"has-black-color has-text-color has-link-color has-medium-font-size wp-elements-640e548c426caf7af1fb033b997c01af\"><strong>O eGabinete<\/strong><\/p>\n\n\n\n<ul class=\"wp-block-list\">\n<li class=\"has-black-color has-text-color has-link-color has-medium-font-size wp-elements-bf33199b87ab69087a03b82fe9a94781\">Chamada e Rechamada da Senha<\/li>\n\n\n\n<li class=\"has-black-color has-text-color has-link-color has-medium-font-size wp-elements-7acd6613deab73b3046c53e42a5acac3\">Informa\u00e7\u00e3o do Idioma do Cliente<\/li>\n\n\n\n<li class=\"has-black-color has-text-color has-link-color has-medium-font-size wp-elements-549c800809ad85c3b7f0f0dc8b75aaf9\">Identifica\u00e7\u00e3o de Senha Priorit\u00e1ria<\/li>\n\n\n\n<li class=\"has-black-color has-text-color has-link-color has-medium-font-size wp-elements-1ae3f31b6cf9a1aca385a1efc77a23bf\">Identifica\u00e7\u00e3o do Nome do Paciente\/Animal associado \u00e0 Senha<\/li>\n\n\n\n<li class=\"has-black-color has-text-color has-link-color has-medium-font-size wp-elements-f43f16de47dac7c96024f920ec3cf9e3\">Fecho do Atendimento com transfer\u00eancia da Senha para eBalc\u00e3o<\/li>\n\n\n\n<li class=\"has-black-color has-text-color has-link-color has-medium-font-size wp-elements-4ab70d4db2d3d24e4e6dc920b4c63fcc\">Possibilidade de adicionar informa\u00e7\u00f5es adicionais para enviar \u00e0 Rece\u00e7\u00e3o<\/li>\n\n\n\n<li class=\"has-black-color has-text-color has-link-color has-medium-font-size wp-elements-6b5155a45f6873cafedcfe9acf39f70e\">Impress\u00e3o de etiquetas para Processos<\/li>\n<\/ul>\n<\/div>\n\n\n\n<div style=\"opacity: 0;\" superb-addons-animation=\"zoomIn\" class=\"wp-block-column has-pale-cyan-blue-background-color has-background is-layout-flow wp-block-column-is-layout-flow\">\n<p class=\"has-black-color has-text-color has-link-color has-medium-font-size wp-elements-44fa4ea6f253a02e898c971632683a8d\"><strong>Outras Funcionalidades<\/strong><\/p>\n\n\n\n<ul class=\"wp-block-list\">\n<li class=\"has-black-color has-text-color has-link-color has-medium-font-size wp-elements-3681111c1443f27b967d609dba5af142\">Grupos de Funcionamento independentes (m\u00faltiplas Zonas independentes dentro do mesmo estabelecimento)<\/li>\n\n\n\n<li class=\"has-black-color has-text-color has-link-color has-medium-font-size wp-elements-f48ad90b736c90e9daa34c0aec5842d1\">Possibilidade de transferir senhas para outros Grupos<\/li>\n\n\n\n<li class=\"has-black-color has-text-color has-link-color has-medium-font-size wp-elements-8b7e8061b0234245af6156098f388241\">Fecho di\u00e1rio dos contadores com envio de email<\/li>\n\n\n\n<li class=\"has-black-color has-text-color has-link-color has-medium-font-size wp-elements-65d02839ccd217a921ab0527ae8649d5\">Quadro estat\u00edstico com totalizadores di\u00e1rios<\/li>\n\n\n\n<li class=\"has-black-color has-text-color has-link-color has-medium-font-size wp-elements-2e2f120cb831161a68c2f48c33eb0bea\">Estatistica de tempos de atendimento\/espera<\/li>\n\n\n\n<li class=\"has-black-color has-text-color has-link-color has-medium-font-size wp-elements-fe50fc39c2e10beb6e6a2342a2902d58\">Exporta\u00e7\u00e3o do Quadro estat\u00edstico para Excel<\/li>\n\n\n\n<li class=\"has-black-color has-text-color has-link-color has-medium-font-size wp-elements-039c3ca1fba0e9a93239c85769282bdc\">Consulta do hist\u00f3rico da Senha<\/li>\n\n\n\n<li class=\"has-black-color has-text-color has-link-color has-medium-font-size wp-elements-5c755ea20b82f77fa1c4e66847c908d3\">Inqu\u00e9rito de Opini\u00e3o da Consulta\/Senha pelo sistema NPS (m\u00f3dulo adicional)<\/li>\n\n\n\n<li class=\"has-black-color has-text-color has-link-color has-medium-font-size wp-elements-d91abc1d58ce65b5fe9e5a0d64c01249\">Parametriza\u00e7\u00e3o dos Ecr\u00e3s de Chamada<\/li>\n\n\n\n<li class=\"has-black-color has-text-color has-link-color has-medium-font-size wp-elements-67fb938b72e46a4600892ce393522e03\">Impress\u00e3o de Senhas em impressoras partilhadas no Windows<\/li>\n\n\n\n<li class=\"has-black-color has-text-color has-link-color has-medium-font-size wp-elements-e9ef230d51fdd1a0f3c0cc0550e475eb\">Impress\u00e3o direta em impressoras de rede com Windows<\/li>\n\n\n\n<li class=\"has-black-color has-text-color has-link-color has-medium-font-size wp-elements-fdff38a4da3581ad988aa1dda66e7716\">M\u00f3dulo para envio de SMS&#8217;s<\/li>\n\n\n\n<li class=\"has-black-color has-text-color has-link-color has-medium-font-size wp-elements-a72e1d583bfadd16d2f0e124021a622c\">Possibilidade de desenvolvimento de m\u00f3dulos \u00e0 medida<\/li>\n<\/ul>\n<\/div>\n<\/div>\n<\/div><\/div>\n","protected":false},"excerpt":{"rendered":"<p>Os m\u00f3dulos desenvolvidos para a aplica\u00e7\u00e3o e as suas funcionalidades. O eKiosk O eBalcao O eCliente O eRecurso O eGabinete [&hellip;]<\/p>\n","protected":false},"author":1,"featured_media":0,"parent":0,"menu_order":0,"comment_status":"closed","ping_status":"closed","template":"template-full-width.php","meta":{"footnotes":""},"class_list":["post-22","page","type-page","status-publish","hentry"],"_links":{"self":[{"href":"https:\/\/mytek.pt\/esenhas\/wp-json\/wp\/v2\/pages\/22","targetHints":{"allow":["GET"]}}],"collection":[{"href":"https:\/\/mytek.pt\/esenhas\/wp-json\/wp\/v2\/pages"}],"about":[{"href":"https:\/\/mytek.pt\/esenhas\/wp-json\/wp\/v2\/types\/page"}],"author":[{"embeddable":true,"href":"https:\/\/mytek.pt\/esenhas\/wp-json\/wp\/v2\/users\/1"}],"replies":[{"embeddable":true,"href":"https:\/\/mytek.pt\/esenhas\/wp-json\/wp\/v2\/comments?post=22"}],"version-history":[{"count":16,"href":"https:\/\/mytek.pt\/esenhas\/wp-json\/wp\/v2\/pages\/22\/revisions"}],"predecessor-version":[{"id":791,"href":"https:\/\/mytek.pt\/esenhas\/wp-json\/wp\/v2\/pages\/22\/revisions\/791"}],"wp:attachment":[{"href":"https:\/\/mytek.pt\/esenhas\/wp-json\/wp\/v2\/media?parent=22"}],"curies":[{"name":"wp","href":"https:\/\/api.w.org\/{rel}","templated":true}]}}