{"id":21,"date":"2023-06-26T18:07:29","date_gmt":"2023-06-26T18:07:29","guid":{"rendered":"https:\/\/mytek.pt\/esenhas\/ethics-features\/"},"modified":"2025-12-05T15:55:02","modified_gmt":"2025-12-05T15:55:02","slug":"funcionamento","status":"publish","type":"page","link":"https:\/\/mytek.pt\/esenhas\/funcionamento\/","title":{"rendered":"Funcionamento"},"content":{"rendered":"<p>Sendo modular o eSenhas pode ser adaptado a quase todas as \u00e1reas de neg\u00f3cio.<\/p>\n<p>Consulte-nos para mais informa\u00e7\u00f5es!!<\/p>\n<p>Abaixo, veja o worflow de funcionamento da aplica\u00e7\u00e3o.<\/p>\n\n<div class=\"wp-block-image\">\n<figure class=\"aligncenter size-large is-resized\"><img loading=\"lazy\" decoding=\"async\" width=\"1024\" height=\"515\" src=\"https:\/\/mytek.pt\/esenhas\/wp-content\/uploads\/2024\/01\/esquema_site-1024x515.png\" alt=\"\" class=\"wp-image-503\" style=\"width:939px;height:auto\" srcset=\"https:\/\/mytek.pt\/esenhas\/wp-content\/uploads\/2024\/01\/esquema_site-1024x515.png 1024w, https:\/\/mytek.pt\/esenhas\/wp-content\/uploads\/2024\/01\/esquema_site-600x302.png 600w, https:\/\/mytek.pt\/esenhas\/wp-content\/uploads\/2024\/01\/esquema_site-300x151.png 300w, https:\/\/mytek.pt\/esenhas\/wp-content\/uploads\/2024\/01\/esquema_site-768x387.png 768w, https:\/\/mytek.pt\/esenhas\/wp-content\/uploads\/2024\/01\/esquema_site-1536x773.png 1536w, https:\/\/mytek.pt\/esenhas\/wp-content\/uploads\/2024\/01\/esquema_site-2048x1031.png 2048w\" sizes=\"auto, (max-width: 1024px) 100vw, 1024px\" \/><\/figure>\n<\/div>","protected":false},"excerpt":{"rendered":"<p>Sendo modular o eSenhas pode ser adaptado a quase todas as \u00e1reas de neg\u00f3cio. Consulte-nos para mais informa\u00e7\u00f5es!! Abaixo, veja [&hellip;]<\/p>\n","protected":false},"author":1,"featured_media":0,"parent":0,"menu_order":0,"comment_status":"closed","ping_status":"closed","template":"template-full-width.php","meta":{"footnotes":""},"class_list":["post-21","page","type-page","status-publish","hentry"],"_links":{"self":[{"href":"https:\/\/mytek.pt\/esenhas\/wp-json\/wp\/v2\/pages\/21","targetHints":{"allow":["GET"]}}],"collection":[{"href":"https:\/\/mytek.pt\/esenhas\/wp-json\/wp\/v2\/pages"}],"about":[{"href":"https:\/\/mytek.pt\/esenhas\/wp-json\/wp\/v2\/types\/page"}],"author":[{"embeddable":true,"href":"https:\/\/mytek.pt\/esenhas\/wp-json\/wp\/v2\/users\/1"}],"replies":[{"embeddable":true,"href":"https:\/\/mytek.pt\/esenhas\/wp-json\/wp\/v2\/comments?post=21"}],"version-history":[{"count":9,"href":"https:\/\/mytek.pt\/esenhas\/wp-json\/wp\/v2\/pages\/21\/revisions"}],"predecessor-version":[{"id":608,"href":"https:\/\/mytek.pt\/esenhas\/wp-json\/wp\/v2\/pages\/21\/revisions\/608"}],"wp:attachment":[{"href":"https:\/\/mytek.pt\/esenhas\/wp-json\/wp\/v2\/media?parent=21"}],"curies":[{"name":"wp","href":"https:\/\/api.w.org\/{rel}","templated":true}]}}